f c(t).
23
Let q(o) be the third derivative of -o**6/120 + o**5/10 + o**4/6 - 10*o**3/3 - o**2. Let i be q(8). Let g = i - -163. What are the prime factors of g?
47
Suppose -5*n + 6*n = 4. Let o be (-1*2/n)/((-1)/10). Suppose -4*l = -o*l + 97. List the prime factors of l.
97
Let b be (-8)/(-2 - 0) - (-23 + 29). What are the prime factors of ((-198)/165)/(0 - b/(-490))?
2, 3, 7
Let i = 431 + -431. Suppose 8*s - 3286 - 898 = i. What are the prime factors of s?
523
Let y(m) = -2*m**2 + 25*m - 15. Suppose 5*i + 9 = r + 215, 0 = 3*i - 5*r - 106. Let z = i + -32. What are the prime factors of y(z)?
5, 7
Suppose 37*z + 3*z - 57984 = 8*z. List the prime factors of z.
2, 3, 151
Suppose 11 = -3*z - 5*v + 108, 69 = 2*z - v. Suppose 36*o - 312 = z*o. List the prime factors of o.
2, 3, 13
Suppose 0 = 49*a + 2*a - 115107. Suppose -2*c + a = -1087. What are the prime factors of c?
2, 11, 19
Suppose -47*k = -43*k - 5*l - 29944, -29940 = -4*k + 4*l. What are the prime factors of k?
7481
Let s(i) = -i**2 - i + 2. Let z be s(-2). Let g(m) be the first derivative of 3*m**2/2 + 37*m - 1410. List the prime factors of g(z).
37
Suppose 81*f = 77*f + 25560. What are the prime factors of f?
2, 3, 5, 71
Let c(v) = -2*v**3 - 64*v**2 - 10*v + 14. What are the prime factors of c(-45)?
2, 26557
List the prime factors of (-7 - -24)/(-9*(-7)/1764).
2, 7, 17
Let c(z) = 10*z - 18. Let q be c(3). List the prime factors of (4 - 32/q)/(2/606).
2, 101
Let f(i) = i**3 + 5*i**2 - 7*i + 9. Let j be f(-6). Suppose t + 5*r = 110, 3*r - 121 = -t - j. List the prime factors of t.
2, 5
Suppose 0 = 927*p - 17728899 - 36781482. List the prime factors of p.
3, 17, 1153
Suppose -3*y + 46631 = -m, 19*y = 15*y + m + 62173. List the prime factors of y.
2, 19, 409
Suppose 4*x - 4*z - 1444 = 0, 720 = 2*x - 3*z - z. Let y = x + 168. What are the prime factors of y?
2, 5, 53
Let g = -40805 + 73795. What are the prime factors of g?
2, 5, 3299
What are the prime factors of ((-123076)/(-12) - -7)*(54/(-4))/(-9)?
5, 3079
Suppose 0*c - 3*c + 3*n = -9, 5*c = 4*n + 15. Suppose -4*f = 4*d - 16, 0*f = -3*f + c. List the prime factors of 23 + (d - -1) + -2.
5
What are the prime factors of 2056/6*9300/400?
31, 257
Suppose -56298*r = -56311*r + 205322. What are the prime factors of r?
2, 53, 149
Suppose -18*b = -2864 - 2446. Let x = 195 + b. List the prime factors of x.
2, 5, 7
Suppose -5*y = -2*x - 10*y + 13, -4*x + 4*y + 12 = 0. Suppose 0 = -4*r + x*g - 5*g + 4717, 2361 = 2*r + g. List the prime factors of r.
2, 19, 31
Let h(q) = -45418*q + 1446. What are the prime factors of h(-1)?
2, 29, 101
Let j(s) = -s**2 + 5*s + 11. Let f be j(4). Suppose 4*g = -15 + f. Suppose g = -3*x + 2*x + 128. What are the prime factors of x?
2
Let h(j) = j**3 + 19*j**2 - 21*j - 18. Let v be h(-20). Suppose 0 = -u + 3*d + 539, -v*d - 616 - 446 = -2*u. List the prime factors of u.
17, 31
Suppose 19*o - 416196 = -47*o. List the prime factors of o.
2, 3, 1051
List the prime factors of (11/88*(4 - 5))/(2/(-1003216)).
62701
Suppose 11*o - 15*o - 212 = 0. Let h = o + 151. Suppose -5*v - h = -1518. List the prime factors of v.
2, 71
Suppose 0 = 5*f + 2*r - 623, -3*r = 4*f - 2*r - 499. Suppose -2*i + 170 + f = -3*k, 4*k + 20 = 0. List the prime factors of i.
2, 5, 7
Let j = 145 + -121. List the prime factors of (-2038)/(-2) + -28 + j.
5, 7, 29
Suppose 0 = 20*t - 16*t - 144. Suppose t - 7 = j. What are the prime factors of j?
29
Let a = -410 + 430. Suppose -g + 248 = -a. What are the prime factors of g?
2, 67
Suppose -9*z + 8712 = 585. Let w = z - 206. List the prime factors of w.
17, 41
Suppose 4*j - 4*p - 27960 = 0, -5*j + 25980 = 6*p - 8981. List the prime factors of j.
6991
Let g(n) = -22*n**2 + 11*n + 1. Let t(y) = 43*y**2 - 23*y. Let x(v) = 11*g(v) + 6*t(v). List the prime factors of x(4).
199
Let j = 261 - 261. Suppose j = 6*x - 231 - 333. List the prime factors of x.
2, 47
Let i = -42765 - -80544. List the prime factors of i.
3, 7, 257
List the prime factors of (-89)/(-9 - (-12920)/1436).
89, 359
Let m(a) = a**2 + 3*a - 1. Let y be m(0). Let x be 6 + 3/y + (-96)/(-3). Suppose -34*v + x*v = 158. List the prime factors of v.
2, 79
Let f be ((-28)/(-12) - 3)*270. Let n be (-1 + (-3)/(-2))/((-18)/f). Suppose 0 = n*s - 32 + 2. List the prime factors of s.
2, 3
Let n = 85 + -79. Let a(c) = -5*c + 1. Let m(o) = 6*o - 1. Let s(h) = -5*a(h) - 4*m(h). What are the prime factors of s(n)?
5
Suppose -471*k + 437*k + 20332 = 0. List the prime factors of k.
2, 13, 23
Let f(s) = -s**2 + 16*s - 3. Let g be f(9). Suppose 39*p - 45*p + g = 0. Suppose -p*b = -14*b + 24. List the prime factors of b.
2, 3
Suppose -14*m = 16922 + 21634. Let c = -1411 - m. List the prime factors of c.
17, 79
Let t = 1104 + -52. Suppose 12*q - 3968 + t = 0. List the prime factors of q.
3
Let s(t) = 120*t + 48. Let f(u) = 17*u + 7. Let b(v) = -15*f(v) + 2*s(v). Suppose 2*o + 26 = -2*y, -2*y + 2 = -84*o + 82*o. What are the prime factors of b(o)?
2, 3
Let q(z) = -15363*z - 4364. What are the prime factors of q(-5)?
53, 1367
Suppose -7*a + 7501 + 1914 = 0. Suppose -5*o = -0*o - a. Let t = o - 150. What are the prime factors of t?
7, 17
Let s = 18243 - 8431. List the prime factors of s.
2, 11, 223
Let c = 12866 - 6879. List the prime factors of c.
5987
Let n be -47 - (-1 + 2 + -1). Let w(i) = -79*i**3 - i**2 - 4*i - 4. Let b be w(-1). Let d = n + b. What are the prime factors of d?
31
Suppose 2*y + 58*p - 18284 = 64*p, 2*y = 3*p + 18308. List the prime factors of y.
2, 4583
Let g(v) = 4*v**3 - 200*v**2 + 88*v + 16. What are the prime factors of g(50)?
2, 3, 23
Suppose 146*d = -47*d - 110*d + 22272015. What are the prime factors of d?
5, 61, 241
Let n(c) = -c**2 - 4*c + 54. Let q be n(6). Suppose 4*i = 2*w - 12, 4*i = 4*w + 8*i + 24. What are the prime factors of ((4 + q)*59)/(w/1)?
59
Suppose 2*h = p - 733, p = -2*h + 728 + 13. Suppose -2*t - l + 1 + 4 = 0, 5*t + 15 = 3*l. Suppose -16*i + 5*i + p = t. What are the prime factors of i?
67
Let b be 2*(-1 + 0) - (42 - 41). Let z be 1 + -7 + b*(-3)/9. List the prime factors of ((-11)/z)/((-8)/(-440)).
11
Let x = 228 - 138. Let r be (8/(-3))/(4/x). List the prime factors of 30 - (r/(-4))/5.
3
Suppose -5*g - 406 + 436 = 0. Suppose -g*h + 546 = -42. What are the prime factors of h?
2, 7
Let z(y) be the first derivative of -121*y**2 + 33*y + 65. What are the prime factors of z(-2)?
11, 47
What are the prime factors of ((-9812)/(-55))/(16/760)?
2, 19, 223
Let z be 14637/28 + (-2)/(-8). Suppose 2*r = 3*h + z, 2*r + 3*h = 622 - 93. Suppose 10 = 2*s, -s = -0*k - 4*k + r. List the prime factors of k.
67
Suppose 0 = -5*z + 4 + 6. Let h be ((-828)/115)/(z/10). Let u = 155 + h. What are the prime factors of u?
7, 17
Suppose 23*o + 3*l + 3 = 22*o, 2*o + 3 = -3*l. Suppose 110 = b + 2*c - 248, o = 2*b - 4*c - 692. List the prime factors of b.
2, 11
List the prime factors of ((-13978)/145)/((-2)/210).
2, 3, 7, 241
Suppose 4*o + 3*w = 8*o - 100, o + w - 18 = 0. Suppose o*q + 5 = 21*q, -2*q + 1865 = 3*l. List the prime factors of l.
5
What are the prime factors of -7 + (-182)/65*-3790?
3, 5, 7, 101
Suppose 2*f = -6*f + 864. Suppose 2*d - 176 - f = 0. List the prime factors of d.
2, 71
Suppose -l = 4*t + 38017, 7*t + 28516 = 4*t - 4*l. What are the prime factors of 1*-3 - t/24?
3, 131
Let g be 134/(-6) - 24/36. Let a = 25 + g. Suppose b - 17 - 11 = a*p, -b + 5*p + 25 = 0. List the prime factors of b.
2, 3, 5
Suppose 4*z = -4*p + 6 + 6, 20 = 2*p - 5*z. Let k be -30*(0 + 36/(-15)). Suppose 0 = p*b - 243 - k. What are the prime factors of b?
3, 7
Suppose -463 = -11*u - 1431. List the prime factors of (4/(-2) + u)/(-9 + 8).
2, 3, 5
Suppose -5*n - 9 = -2*n, -96 = -3*a - 4*n. Suppose -4*r = 2*i + a - 192, 0 = 3*r - 6. What are the prime factors of i?
2, 37
Let z(y) = y**3 - 7*y**2 + 20*y - 5. Let h be z(9). Suppose -2*l + 937 + h = 0. List the prime factors of l.
7, 13
Let f be 6*((-15)/10 - -1). Let d be (3 + (-34)/10)/(f/(-585)). Let q = d + 263. What are the prime factors of q?
5, 37
Let r be ((-21)/(-9))/((-3)/144). Let l = -107 - r. Suppose t - 1221 = -l*c, 5*t + 691 + 309 = 4*c. List the prime factors of c.
5, 7
List the prime factors of (1/3 + 31786/69)*(3 + 38).
41, 461
Let d(k) = -k**3 - 6*k**2 - 7*k + 3. Let f be d(-6). Suppose l = 144 - f. L